{"id":28,"date":"2025-11-10T09:59:52","date_gmt":"2025-11-10T09:59:52","guid":{"rendered":"https:\/\/taristuinsener.ee\/home-2\/"},"modified":"2026-01-05T11:22:58","modified_gmt":"2026-01-05T13:22:58","slug":"home-2","status":"publish","type":"page","link":"https:\/\/taristuinsener.ee\/","title":{"rendered":"TaristuInsener O\u00dc"},"content":{"rendered":"\n<div class=\"wp-block-uagb-container uagb-block-c832201d alignfull uagb-is-root-container\">\n<div class=\"wp-block-uagb-container uagb-block-64e228b6 alignfull uagb-is-root-container\"><div class=\"uagb-container-inner-blocks-wrap\">\n<div class=\"wp-block-uagb-info-box uagb-block-22704a2c uagb-infobox__content-wrap  uagb-infobox-icon-above-title uagb-infobox-image-valign-top\"><div class=\"uagb-ifb-content\"><div class=\"uagb-ifb-title-wrap\"><span class=\"uagb-ifb-title-prefix\">Usaldusv\u00e4\u00e4rne teenus<\/span><h1 class=\"uagb-ifb-title\">Kaugk\u00fctte ja gaasivarustuse projekteerimine<\/h1><\/div><p class=\"uagb-ifb-desc\">Professionaalne projekteerimine kaugk\u00fctte ja gaasivarustuse lahendustele \u00fcle Eesti<\/p><div class=\"uagb-ifb-button-wrapper wp-block-button\"><a href=\"contact\/\" class=\"uagb-infobox-cta-link wp-block-button__link\" target=\"_self\" rel=\"noopener noreferrer\" onclick=\"return true;\"><span class=\"uagb-inline-editing\">V\u00f5ta \u00fchendust inseneriga<\/span><\/a><\/div><\/div><\/div>\n\n\n\n<div class=\"wp-block-uagb-container uagb-layout-grid uagb-block-e7a2d7c6\">\n<div class=\"wp-block-uagb-image alignleft uagb-block-88186def wp-block-uagb-image--layout-default wp-block-uagb-image--effect-static wp-block-uagb-image--align-left\"><figure class=\"wp-block-uagb-image__figure\"><img decoding=\"async\" srcset=\"https:\/\/taristuinsener.ee\/wp-content\/uploads\/2025\/11\/pexels-photo-27354192-27354192-1024x683.jpg ,https:\/\/taristuinsener.ee\/wp-content\/uploads\/2025\/11\/pexels-photo-27354192-27354192-scaled.jpg 780w, https:\/\/taristuinsener.ee\/wp-content\/uploads\/2025\/11\/pexels-photo-27354192-27354192-scaled.jpg 360w\" sizes=\"auto, (max-width: 480px) 150px\" src=\"https:\/\/taristuinsener.ee\/wp-content\/uploads\/2025\/11\/pexels-photo-27354192-27354192-1024x683.jpg\" alt=\"Close-up of a skilled worker welding steel pipes in an industrial setting, showcasing expertise and safety gear.\" class=\"uag-image-392\" width=\"600\" height=\"374\" title=\"pexels photo 27354192 27354192\" loading=\"lazy\" role=\"img\"\/><\/figure><\/div>\n\n\n\n<div class=\"wp-block-uagb-container uagb-layout-grid uagb-block-62d4b270\">\n<div class=\"wp-block-uagb-counter uagb-block-c94a9d10 wp-block-uagb-counter--number\"><div class=\"wp-block-uagb-counter__number\"><span class=\"uagb-counter-block-number\" data-duration=\"1.5\" data-to-value=\"9\" data-from-value=\"0\" data-delimiter=\",\"><\/span><span class=\"uagb-counter-block-suffix\">+<\/span><\/div><div class=\"wp-block-uagb-counter__title\">Aastate pikkune kogemus<\/div><\/div>\n\n\n\n<div class=\"wp-block-uagb-counter uagb-block-9d06e675 wp-block-uagb-counter--number\"><div class=\"wp-block-uagb-counter__number\"><span class=\"uagb-counter-block-number\" data-duration=\"1.5\" data-to-value=\"50\" data-from-value=\"0\" data-delimiter=\",\"><\/span><span class=\"uagb-counter-block-suffix\">+<\/span><\/div><div class=\"wp-block-uagb-counter__title\">Kilomeetrit torustike projekteeritud<\/div><\/div>\n\n\n\n<div class=\"wp-block-uagb-counter uagb-block-368adb1a wp-block-uagb-counter--number\"><div class=\"wp-block-uagb-counter__number\"><span class=\"uagb-counter-block-prefix\">DN<\/span><span class=\"uagb-counter-block-number\" data-duration=\"1.5\" data-to-value=\"800\" data-from-value=\"0\" data-delimiter=\",\"><\/span><\/div><div class=\"wp-block-uagb-counter__title\">Torustikud kuni<\/div><\/div>\n\n\n\n<div class=\"wp-block-uagb-counter uagb-block-d5e79842 wp-block-uagb-counter--number\"><div class=\"wp-block-uagb-counter__number\"><span class=\"uagb-counter-block-number\" data-duration=\"1.5\" data-to-value=\"99\" data-from-value=\"0\" data-delimiter=\",\"><\/span><span class=\"uagb-counter-block-suffix\">+<\/span><\/div><div class=\"wp-block-uagb-counter__title\">Projekt l\u00f5petatud<\/div><\/div>\n<\/div>\n<\/div>\n\n\n\n<div class=\"wp-block-uagb-container uagb-block-99725c62\">      \n\t\t\t<div class=\"uagb-icon-wrapper uagb-block-a6e1a80b      \"\n\t\t\tstyle=\"\" >\n\t\t\t\t\t\t\t\t\t<span class=\"uagb-svg-wrapper\" \n\t\t\t\t\t aria-label=\"circle-check\"\t\t\t\t\ttabindex=\"0\">\t\t\n\t\t\t\t\t\t\t\t\t\t<svg xmlns=\"https:\/\/www.w3.org\/2000\/svg\" viewBox= \"0 0 512 512\" role=\"graphics-symbol\" aria-hidden=\"false\" aria-label=\"\"><path d=\"M0 256C0 114.6 114.6 0 256 0C397.4 0 512 114.6 512 256C512 397.4 397.4 512 256 512C114.6 512 0 397.4 0 256zM371.8 211.8C382.7 200.9 382.7 183.1 371.8 172.2C360.9 161.3 343.1 161.3 332.2 172.2L224 280.4L179.8 236.2C168.9 225.3 151.1 225.3 140.2 236.2C129.3 247.1 129.3 264.9 140.2 275.8L204.2 339.8C215.1 350.7 232.9 350.7 243.8 339.8L371.8 211.8z\"><\/path><\/svg>\n\t\t\t\t\t\t\t\t\t<\/span>\n\t\t\t\t\t\t\t<\/div>\n\t\t\t<\/div>\n<\/div><\/div>\n<\/div>\n\n\n\n<div class=\"wp-block-uagb-container uagb-block-8e70baa8 alignfull uagb-is-root-container\"><div class=\"uagb-container-inner-blocks-wrap\">\n<h2 class=\"wp-block-heading\">TaristuInsener O\u00dc <\/h2>\n\n\n\n<p><strong>Taristuinsener O\u00dc<\/strong> on Eesti insenerib\u00fcroo, mis tegeleb gaasi- ja kaugk\u00fcttetorustike projekteerimisega. Meie inseneridel on rohkem kui 8 aastat kogemust soojusvarustuse ja gaasiv\u00f5rkude valdkonnas.<br>Meie eesm\u00e4rk on pakkuda tehniliselt t\u00e4pseid, energiat\u00f5husaid ja kestlikke lahendusi, mis vastavad nii kohalikele normidele kui ka kliendi ootustele.<\/p>\n<\/div><\/div>\n\n\n\n<div class=\"wp-block-uagb-container uagb-block-a31a30fe alignfull uagb-is-root-container\"><div class=\"uagb-container-inner-blocks-wrap\">\n<div class=\"wp-block-uagb-container uagb-block-eca364b1\">\n<div class=\"wp-block-uagb-container uagb-block-d1dd5338\">\n<div class=\"wp-block-uagb-container uagb-layout-grid uagb-block-586c46e8\">\n<div class=\"wp-block-uagb-advanced-heading uagb-block-8bca50c3\"><h4 class=\"uagb-heading-text\">01<\/h4><\/div>\n\n\n\n<h3 class=\"wp-block-heading\">Kaugk\u00fctte v\u00e4lisv\u00f5rkude projekteerimine<\/h3>\n<\/div>\n\n\n\n<div class=\"wp-block-uagb-container uagb-layout-grid uagb-block-3689c5db\">\n<div class=\"wp-block-uagb-advanced-heading uagb-block-7519947d\"><h4 class=\"uagb-heading-text\">02<\/h4><\/div>\n\n\n\n<div class=\"wp-block-uagb-advanced-heading uagb-block-3a3a9da2\"><h3 class=\"uagb-heading-text\">Gaasivarustuse projekteerimine<\/h3><\/div>\n<\/div>\n\n\n\n<div class=\"wp-block-uagb-container uagb-layout-grid uagb-block-93e24c36\">\n<div class=\"wp-block-uagb-advanced-heading uagb-block-61f78184\"><h4 class=\"uagb-heading-text\">03<\/h4><\/div>\n\n\n\n<div class=\"wp-block-uagb-advanced-heading uagb-block-ca0ac2e2\"><h3 class=\"uagb-heading-text\">Projektide ekspertiisid<\/h3><\/div>\n<\/div>\n\n\n\n<div class=\"wp-block-uagb-container uagb-layout-grid uagb-block-9a1cf01d\">\n<div class=\"wp-block-uagb-advanced-heading uagb-block-81f4bf36\"><h4 class=\"uagb-heading-text\">04<\/h4><\/div>\n\n\n\n<div class=\"wp-block-uagb-advanced-heading uagb-block-46a1a1a4\"><h3 class=\"uagb-heading-text\">Ehituse omanikuj\u00e4relvalve<\/h3><\/div>\n<\/div>\n<\/div>\n\n\n\n<div class=\"wp-block-uagb-container uagb-block-729bfe4d\">\n<div class=\"wp-block-uagb-info-box uagb-block-27b675ac uagb-infobox__content-wrap  uagb-infobox-icon-above-title uagb-infobox-image-valign-top\"><div class=\"uagb-ifb-content\"><div class=\"uagb-ifb-title-wrap\"><h5 class=\"uagb-ifb-title-prefix\">Meie teenused<\/h5><h2 class=\"uagb-ifb-title\">Kaugk\u00fcte ja gaasivarustuse projekteerimine<\/h2><\/div><p class=\"uagb-ifb-desc\">Pakume laia valikut teenuseid kaugk\u00fctte ja gaasivarustuse projekteerimiseks, tagamaks lahenduste efektiivsus ja ohutus.<\/p><div class=\"uagb-ifb-button-wrapper wp-block-button\"><a href=\"services\/\" class=\"uagb-infobox-cta-link wp-block-button__link\" target=\"_self\" rel=\"noopener noreferrer\" onclick=\"return true;\"><span class=\"uagb-inline-editing\">Loe edasi<\/span><\/a><\/div><\/div><\/div>\n<\/div>\n<\/div>\n<\/div><\/div>\n\n\n\n<div class=\"wp-block-uagb-container uagb-block-3e23eaca alignfull uagb-is-root-container\"><div class=\"uagb-container-inner-blocks-wrap\"><\/div><\/div>\n\n\n\n<div class=\"wp-block-uagb-container uagb-block-02b85580 alignfull uagb-is-root-container\"><div class=\"uagb-container-inner-blocks-wrap\">\n<div class=\"wp-block-uagb-advanced-heading uagb-block-b53c2689\"><h2 class=\"uagb-heading-text\">V\u00f5ta meiega \u00fchendust<\/h2><\/div>\n\n\n\n<div class=\"wp-block-uagb-container uagb-block-7b1e6d9c\">\n<div class=\"wp-block-uagb-container uagb-block-bd7d7619\">\n<div class=\"wp-block-uagb-info-box uagb-block-849a18e5 uagb-infobox__content-wrap  uagb-infobox-icon-above-title uagb-infobox-image-valign-top\"><div class=\"uagb-ifb-content\"><div class=\"uagb-ifb-icon-wrap\"><div class=\"uagb-iconbox-icon-wrap uagb-infobox-shape-circle\"><svg xmlns=\"https:\/\/www.w3.org\/2000\/svg\" viewBox=\"0 0 512 512\"><path d=\"M511.2 387l-23.25 100.8c-3.266 14.25-15.79 24.22-30.46 24.22C205.2 512 0 306.8 0 54.5c0-14.66 9.969-27.2 24.22-30.45l100.8-23.25C139.7-2.602 154.7 5.018 160.8 18.92l46.52 108.5c5.438 12.78 1.77 27.67-8.98 36.45L144.5 207.1c33.98 69.22 90.26 125.5 159.5 159.5l44.08-53.8c8.688-10.78 23.69-14.51 36.47-8.975l108.5 46.51C506.1 357.2 514.6 372.4 511.2 387z\"><\/path><\/svg><\/div><\/div><div class=\"uagb-ifb-title-wrap\"><h3 class=\"uagb-ifb-title\">Kontakt<\/h3><\/div><p class=\"uagb-ifb-desc\">+3725147725<\/p><\/div><\/div>\n<\/div>\n\n\n\n<div class=\"wp-block-uagb-container uagb-block-d6ee72e7\">\n<div class=\"wp-block-uagb-info-box uagb-block-eb5629d6 uagb-infobox__content-wrap  uagb-infobox-icon-above-title uagb-infobox-image-valign-top\"><div class=\"uagb-ifb-content\"><div class=\"uagb-ifb-icon-wrap\"><div class=\"uagb-iconbox-icon-wrap uagb-infobox-shape-circle\"><svg xmlns=\"https:\/\/www.w3.org\/2000\/svg\" viewBox=\"0 0 512 512\"><path d=\"M464 64C490.5 64 512 85.49 512 112C512 127.1 504.9 141.3 492.8 150.4L275.2 313.6C263.8 322.1 248.2 322.1 236.8 313.6L19.2 150.4C7.113 141.3 0 127.1 0 112C0 85.49 21.49 64 48 64H464zM217.6 339.2C240.4 356.3 271.6 356.3 294.4 339.2L512 176V384C512 419.3 483.3 448 448 448H64C28.65 448 0 419.3 0 384V176L217.6 339.2z\"><\/path><\/svg><\/div><\/div><div class=\"uagb-ifb-title-wrap\"><h3 class=\"uagb-ifb-title\">E-post<\/h3><\/div><p class=\"uagb-ifb-desc\">robert@taristuinsener.ee<\/p><\/div><\/div>\n<\/div>\n<\/div>\n<\/div><\/div>\n","protected":false},"excerpt":{"rendered":"<p>TaristuInsener O\u00dc Taristuinsener O\u00dc on Eesti insenerib\u00fcroo, mis tegeleb gaasi- ja kaugk\u00fcttetorustike projekteerimisega. Meie inseneridel on rohkem kui 8 aastat [&hellip;]<\/p>\n","protected":false},"author":1,"featured_media":0,"parent":0,"menu_order":1,"comment_status":"closed","ping_status":"closed","template":"","meta":{"_uag_custom_page_level_css":"","site-sidebar-layout":"default","site-content-layout":"","ast-site-content-layout":"default","site-content-style":"default","site-sidebar-style":"default","ast-global-header-display":"","ast-banner-title-visibility":"","ast-main-header-display":"","ast-hfb-above-header-display":"","ast-hfb-below-header-display":"","ast-hfb-mobile-header-display":"","site-post-title":"disabled","ast-breadcrumbs-content":"","ast-featured-img":"","footer-sml-layout":"","theme-transparent-header-meta":"","adv-header-id-meta":"","stick-header-meta":"","header-above-stick-meta":"","header-main-stick-meta":"","header-below-stick-meta":"","astra-migrate-meta-layouts":"default","ast-page-background-enabled":"default","ast-page-background-meta":{"desktop":{"background-color":"var(--ast-global-color-4)","background-image":"","background-repeat":"repeat","background-position":"center center","background-size":"auto","background-attachment":"scroll","background-type":"","background-media":"","overlay-type":"","overlay-color":"","overlay-opacity":"","overlay-gradient":""},"tablet":{"background-color":"","background-image":"","background-repeat":"repeat","background-position":"center center","background-size":"auto","background-attachment":"scroll","background-type":"","background-media":"","overlay-type":"","overlay-color":"","overlay-opacity":"","overlay-gradient":""},"mobile":{"background-color":"","background-image":"","background-repeat":"repeat","background-position":"center center","background-size":"auto","background-attachment":"scroll","background-type":"","background-media":"","overlay-type":"","overlay-color":"","overlay-opacity":"","overlay-gradient":""}},"ast-content-background-meta":{"desktop":{"background-color":"var(--ast-global-color-5)","background-image":"","background-repeat":"repeat","background-position":"center center","background-size":"auto","background-attachment":"scroll","background-type":"","background-media":"","overlay-type":"","overlay-color":"","overlay-opacity":"","overlay-gradient":""},"tablet":{"background-color":"var(--ast-global-color-5)","background-image":"","background-repeat":"repeat","background-position":"center center","background-size":"auto","background-attachment":"scroll","background-type":"","background-media":"","overlay-type":"","overlay-color":"","overlay-opacity":"","overlay-gradient":""},"mobile":{"background-color":"var(--ast-global-color-5)","background-image":"","background-repeat":"repeat","background-position":"center center","background-size":"auto","background-attachment":"scroll","background-type":"","background-media":"","overlay-type":"","overlay-color":"","overlay-opacity":"","overlay-gradient":""}},"footnotes":""},"class_list":["post-28","page","type-page","status-publish","hentry"],"uagb_featured_image_src":{"full":false,"thumbnail":false,"medium":false,"medium_large":false,"large":false,"1536x1536":false,"2048x2048":false},"uagb_author_info":{"display_name":"robert.raag","author_link":"https:\/\/taristuinsener.ee\/?author=1"},"uagb_comment_info":0,"uagb_excerpt":"TaristuInsener O\u00dc Taristuinsener O\u00dc on Eesti insenerib\u00fcroo, mis tegeleb gaasi- ja kaugk\u00fcttetorustike projekteerimisega. Meie inseneridel on rohkem kui 8 aastat [&hellip;]","_links":{"self":[{"href":"https:\/\/taristuinsener.ee\/index.php?rest_route=\/wp\/v2\/pages\/28","targetHints":{"allow":["GET"]}}],"collection":[{"href":"https:\/\/taristuinsener.ee\/index.php?rest_route=\/wp\/v2\/pages"}],"about":[{"href":"https:\/\/taristuinsener.ee\/index.php?rest_route=\/wp\/v2\/types\/page"}],"author":[{"embeddable":true,"href":"https:\/\/taristuinsener.ee\/index.php?rest_route=\/wp\/v2\/users\/1"}],"replies":[{"embeddable":true,"href":"https:\/\/taristuinsener.ee\/index.php?rest_route=%2Fwp%2Fv2%2Fcomments&post=28"}],"version-history":[{"count":5,"href":"https:\/\/taristuinsener.ee\/index.php?rest_route=\/wp\/v2\/pages\/28\/revisions"}],"predecessor-version":[{"id":412,"href":"https:\/\/taristuinsener.ee\/index.php?rest_route=\/wp\/v2\/pages\/28\/revisions\/412"}],"wp:attachment":[{"href":"https:\/\/taristuinsener.ee\/index.php?rest_route=%2Fwp%2Fv2%2Fmedia&parent=28"}],"curies":[{"name":"wp","href":"https:\/\/api.w.org\/{rel}","templated":true}]}}